rivative of -t**3/3 - 2*t**2 + 3*t - 136. Calculate p(3).
-18
Let h(q) be the second derivative of q**5/20 - 2*q**4/3 - q**3/6 - 3*q**2/2 - 496*q. Determine h(8).
-11
Let q be ((-6)/(-3))/((28/(-7))/(-12)). Let k(g) = -g**3 + 5*g**2 + 6*g + 14. Determine k(q).
14
Let t be 8/6*3/(-2). Let q(o) = -o + 0 - 3*o - 3*o + 6*o + 5. Let d(f) = -f + 5. Let v(h) = t*d(h) + 3*q(h). Calculate v(-4).
9
Suppose 2*s = 3*s - 12. Let u = -7 + s. Let y(v) = 3*v - 2*v**3 + 70 - 64 + v**3 + 4*v**2. Calculate y(u).
-4
Let o(l) = 12*l**2 + 3*l - 5*l**2 - 6*l**2 + l - 8. Calculate o(-6).
4
Let m(j) = 6*j**2. Suppose 65 = 2*y + 3*y - 5*z, -2*y - z + 26 = 0. Suppose -3*x - y = t, -x = -3*t + 2*x + 9. What is m(t)?
6
Let a(u) be the second derivative of -3*u**3 + u**2 + 11*u. What is a(1)?
-16
Let y(f) = -f**2 - 21. Let z(s) = 5*s - 20. Let p be z(4). Give y(p).
-21
Let f(z) = -z**3 + 3*z**2 + 2*z. Suppose 0 = -7*t + 4*t + 18. Let w be (-9)/t*2*-1. Suppose -2*g + w = -g. What is f(g)?
6
Let r(b) = 3*b**2 - 5*b - 19. Let w(g) = -2*g**2 + 2*g + 10. Let h(j) = 4*r(j) + 7*w(j). Calculate h(-4).
-14
Let m(p) be the second derivative of -p**3 + 0 + 12*p - p**2 - 1/12*p**4. Give m(-3).
7
Suppose -48*r - 18 = n - 51*r, 2*n + 4*r + 6 = 0. Let m(q) = q**2 + 9*q + 6. Determine m(n).
6
Suppose -t = -6*t. Suppose 4*f - 8 = -t*f. Suppose 0 = -5*x + f*q, -5*q + 2 = -5*x - 13. Let a(m) = 3*m - 1. Determine a(x).
5
Let s(w) = w**3 - 10*w**2 + 18*w - 10. Let r be s(8). Let b(u) = u**3 - 6*u**2 - u - 7. What is b(r)?
-13
Suppose 0 = 7*s + 38 - 10. Let c(y) = 3*y**3 + 3*y**2 + 3*y - 3. Let z(v) = -v**3 - v**2 - v + 1. Let h(g) = s*c(g) - 11*z(g). Calculate h(1).
-2
Let a(y) = 6 + 3 + 6 + 2 + 12*y - 6 + y**2. Calculate a(-10).
-9
Suppose 5*p + 7 = -8. Let k(y) = 4*y - 3 + 3 - 1. Let n(d) = -2*d. Let s(b) = -3*k(b) - 7*n(b). What is s(p)?
-3
Let p(k) = -k**2 + 4*k + 5. Let j be ((-6)/(-5))/((-18)/(-240)). Let s = j + -12. Determine p(s).
5
Let j be ((-12)/24)/(1/(-2 + 4)). Let i(o) be the first derivative of -3*o**2/2 - o - 16. Give i(j).
2
Let k = 10 + -7. Suppose 2*n - n + k*t = 13, -2*n = -2*t - 50. Suppose -4*y + 6 = n. Let h(u) = -u - 4. Calculate h(y).
0
Let f(c) = 7*c - 8*c**2 + 3 + c**3 - 2 - c + 2. Suppose 2*p + 5*p = 49. Determine f(p).
-4
Let m(h) = 3*h**2 + 810 + 0*h**2 - 807. What is m(-4)?
51
Suppose 0 = 3*o - 53 - 43. Let g = o + -31. Let q(y) = -8 - 3*y + 8 + 0*y. What is q(g)?
-3
Let h be ((-232)/290)/(4/10). Let w(o) = 9*o. Calculate w(h).
-18
Let g be (378/12 - 5)/((-1)/2). Let a = g + 60. Let w(r) = r**2 - 7*r - 5. What is w(a)?
-5
Let o(t) = -t**3 + 15*t**2 - 13*t - 8. Let b be (9 - 196/20)/(2/(-35)). Determine o(b).
6
Let u be -3 + 1/((-3)/(-15)). Suppose -3*t = -2*t - u. Let o(p) = -p**2 - 3*p + 1 + 7*p - t. Calculate o(5).
-6
Suppose 5 = -r + 2. Let g(w) = 3*w**3 + 2*w**2 - 3*w + 2. Let i(o) = -5*o**3 - 3*o**2 + 5*o - 3. Let a(y) = -7*g(y) - 4*i(y). Give a(r).
4
Let s(v) = -2 - 4*v**2 - 4*v**3 - 5*v - 14 + 2*v**3 + 1 + 12. What is s(-3)?
30
Let h(l) = 2*l + 2. Let u(k) = -k - 2. Let s(g) = 2*h(g) + 3*u(g). Let d(r) = -4*r + 15. Let a(i) = -d(i) - 5*s(i). What is a(0)?
-5
Let j be 3/((-3)/(-2)) - 0. Let v(p) = -3*p + 6*p**j + 1 + 2*p - 2. Let f be 9/(-7) + (128/56 - 2). Calculate v(f).
6
Let h(l) = l - 4. Let q(x) = -x + 3. Let k(z) = -5*h(z) - 6*q(z). Determine k(-5).
-3
Suppose o - 8 = -z + 2*z, 8 = o + 4*z. Suppose 5*j - 3*y - 18 = -6*y, -5*y = 4*j - 4. Let n(b) = 2 + o - 17*b - 5 - j. Determine n(1).
-18
Let i(q) = 5*q + 1. Let w be (124/(-12))/((-4)/12). Let c = w + -30. What is i(c)?
6
Let c(l) = l**2 - l**2 + l - 3*l**3 + 2*l**3 - l**2 - 9. Suppose -3*p - 3 = 5*y, -2*y + 5*p = 3*p + 14. Let d be 1*(y - -3 - 0). Calculate c(d).
-9
Let v(a) = 13*a**2 - 7*a**2 + a - a**2. Let g(j) = -5*j - 9. Let k be g(-2). Determine v(k).
6
Let d(v) = -441*v**3 + 224*v**3 - v - 5 + 216*v**3. Let o(k) = k**3 + 5*k**2 - 5*k + 6. Let g be o(-6). Determine d(g).
-5
Suppose -15*q + 6*q = -7*q. Let x(d) be the second derivative of -1/2*d**3 + q - 1/12*d**4 - 1/2*d**2 - 4*d. Give x(-3).
-1
Let p(j) = -7*j**2 + 15*j + 8. Let d(c) = 3*c**2 - 8*c - 4. Let n(f) = 9*d(f) + 4*p(f). Give n(-12).
-4
Let q(s) = 272*s + 0*s**3 + 2*s**2 - 271*s - 4 - 6*s**2 + s**3. Give q(4).
0
Let w(b) be the second derivative of 3*b**3/2 + b**2/2 - 337*b. Give w(-2).
-17
Suppose -2*f + 6*f = 8. Let x(j) = 0*j + 7*j - 2 + 6 - j**2 - f*j. Calculate x(5).
4
Suppose -37 = 5*r - 67. Let d be 0/(r/21 - 18/14). Let n(a) = -a + 1. Let c(g) = 3*g + 7. Let y(f) = -c(f) - 4*n(f). Calculate y(d).
-11
Let b(p) = 2*p**2 + 2*p - 11. Suppose -3*l - 3*g + 18 = -9, 0 = -4*l - 3*g + 32. Let x(s) = -s**2 - s + 5. Let j(k) = l*x(k) + 2*b(k). Calculate j(0).
3
Let d(i) = i**3 - 9*i**2 - 10*i - 4. Let g(h) = -13*h**3 - 4*h**2 - 3*h - 2. Let a be g(-1). Calculate d(a).
-4
Suppose 10 = -2*k + 4*u, 3*k + 2*u = 7*u - 11. Let s(x) = 3 + 6*x**2 - 6 - x**2 + x**k - 3. Let t = -44 + 39. Calculate s(t).
-6
Let b(d) = 6*d - 13*d**2 - 6 - 18*d + 4 + 12*d**2 + 17. Calculate b(-13).
2
Let c(w) = w**3 + 2*w**2 - 4*w. Let u be c(-3). Suppose 4*b = u*g - 7*g + 16, -10 = -2*b - 4*g. Let s(x) = 2*x + 7*x**2 + 1 - x**2 - x**2 + x**b. Give s(-3).
13
Let g(l) = 2204*l + 5 - 2203*l - 1. Give g(-3).
1
Let u(w) be the second derivative of 0 + 1/20*w**5 - 5*w + 5/2*w**2 + 1/6*w**3 + 0*w**4. Let g(q) be the first derivative of u(q). Determine g(1).
4
Let m(d) = d**2 - 13*d - 21. Let h = 1252 - 1238. Give m(h).
-7
Let r(l) be the second derivative of -l**3 - 5*l**2/2 + 3*l. Let t = -188 + 184. Calculate r(t).
19
Suppose -62 - 78 = -14*r. Let u(g) = -4*g + 12. What is u(r)?
-28
Suppose -3*q - 30 = 2*q. Let g be 3*(-2 + 4/q). Let c(w) = 21*w**2 - 3 + 10*w - 20*w**2 + 13. Calculate c(g).
-6
Let o(s) = -s**2 - 12*s + 30. Let i be o(-14). Let v(z) = -i*z - 57 - 51 + 109 - 3*z. Calculate v(1).
-4
Let z(l) be the third derivative of 13*l**5/30 + l**3/6 + 214*l**2. Determine z(1).
27
Let z(s) = -s**3 + 8*s**2 - 7*s - 3. Let t be (-3)/(-2) + -6 + (-9)/(-2). Suppose q = -t + 7. What is z(q)?
-3
Suppose -4 = 2*r - 3*r. Suppose r*u - 4 = -0. Let x(z) = 6*z - 6*z + u - 4 - 7*z. Calculate x(-2).
11
Let b(z) = -18*z - 1. Suppose l - 4*q = 10, 2*l - q = q + 8. Suppose 7*d - l = 5*d. What is b(d)?
-19
Let q(g) = g**2 - g + 4. Let s(b) be the first derivative of 3*b**2 + 4*b - 2. Let v be s(-4). Let c = v - -23. Determine q(c).
10
Let u = 1 - 4. Let w(x) = 1211*x + 8. Let i(f) = 454*f + 3. Let q(h) = 8*i(h) - 3*w(h). What is q(u)?
3
Suppose 0 = -5*c + 3*c. Let k(j) = 106*j - j**2 - 272*j + 165*j + 13. What is k(c)?
13
Let y(k) be the first derivative of -k**2/2 - 24*k + 120. Calculate y(-10).
-14
Let y(u) = -2*u**2 - 6*u + 2. Let f be y(-3). Let j(b) be the first derivative of -1/2*b**f + 3 + 10*b. Give j(0).
10
Let s(x) = -3*x**3 + 3*x**2 - 3*x**3 + 0*x**3 + 4*x**3 - 1. Let b(p) = -p**3 + 5*p**2 - p + 7. Let l be b(5). Calculate s(l).
-5
Let r(y) = 4*y - 5. Let d(q) = -2*q + 4 + 0 - 2*q. Let w(i) = 4*d(i) + 3*r(i). Let a be -2 + 7/63*9. Give w(a).
5
Let v be 6/4*(-4)/(-6). Let f(o) = v - 1 + 3*o**3 - o. Suppose -2*a - 11 = -2*t - t, 0 = 4*a + 5*t - 11. Calculate f(a).
-2
Let x(w) = 3*w + 40. Suppose 1869*i - 42 = 1872*i. Determine x(i).
-2
Let p(n) = -n**3 - n**2 + 2*n - 2. Suppose -32 = -3*l + 28. Let v be (7 - l/5) + (3 - 4). Give p(v).
-10
Suppose -14*c + 75 = -29*c. Let r(t) = t**3 + 6*t**2 + 7*t + 2. Determine r(c).
-8
Let t(q) = -3 - 4*q - 2*q**3 + 5*q**2 + 5*q + 11*q**3 - 5*q - 8*q**3. What is t(-5)?
17
Let h(b) = -b**3 + 6*b**2 + b. Let p = 83 + -165. Let m = p - -88. What is h(m)?
6
Suppose 3*x = -2*b - 35, 2*x = 3*b - 2*b - 14. Let u(r) = -r**3 - 9*r**2 - r - 12. Give u(x).
-3
Suppose 5*h = 2*h - 21. Let v = h - -12. Let z(q) = -3*q**2 + 8*q - 4. Let u(d) = d**2 - d. Let w(b) = -2*u(b) - z(b). Give w(v).
-1
Let q be (-92)/(2 - 6) + 1. Let p be 6/(-4)*(-16)/q. Let u(v) = 2*v - 8 - 1 + 0 + p. Determine u(6).
4
Suppose 11*i = 12*i - 3. Let p(q) = -q**i + 123*q**2 + 2 + 129*q**2 + 3*q - 251*q**2. Determine p(3).
-7
Let t(g) = -1070*g**2 - 3 - 13*g**3 + 4 + 1068*g**2. Calculate t(-1).
12
Let t(n) = -7*n - 5. Let c(r) = -10*r - 4. Let y(u) = -2*c(u) + 3*t(u). Determine y(-7).
0
Let a(g) = 39*g**2 + g. Let s be a(1). Let r be 16/s + (-4)/10. Suppose -5*x - 5 = -r. Let n